{"id":63,"date":"2026-05-15T14:27:32","date_gmt":"2026-05-15T12:27:32","guid":{"rendered":"https:\/\/meglight.fr\/?page_id=63"},"modified":"2026-05-15T14:29:40","modified_gmt":"2026-05-15T12:29:40","slug":"lyres-professionnelles","status":"publish","type":"page","link":"https:\/\/meglight.fr\/?page_id=63","title":{"rendered":"Eclairage &#8211; Lyres"},"content":{"rendered":"\n<p class=\"has-medium-font-size\"><strong>lyres professionnelles + Console DMX (pr\u00eates \u00e0 l\u2019emploi).<\/strong><\/p>\n\n\n\n<p>Location de lyres motoris\u00e9es professionnelles Varytec Hero Spot 90, id\u00e9ales pour DJ, soir\u00e9es priv\u00e9es, mariages et \u00e9v\u00e8nements.<br>Mat\u00e9riel livr\u00e9 pr\u00eat \u00e0 fonctionner (plug &amp; play) avec programmation de base possible.<\/p>\n\n\n\n<p>Possibilit\u00e9 de location sur plusieurs jours avec tarif d\u00e9gressif sur devis.<\/p>\n\n\n\n<figure class=\"wp-block-table\"><table class=\"has-fixed-layout\"><tbody><tr><td><strong>Configuration <\/strong><\/td><td class=\"has-text-align-center\" data-align=\"center\"><strong>Comprend&nbsp; &nbsp;&nbsp;&nbsp;&nbsp;&nbsp;&nbsp;&nbsp;&nbsp;&nbsp; <\/strong><\/td><td class=\"has-text-align-center\" data-align=\"center\"><strong>Tarif Week-end<\/strong><\/td><td class=\"has-text-align-center\" data-align=\"center\"><strong>Caution<\/strong><\/td><\/tr><tr><td>Pack 2 lyres<\/td><td class=\"has-text-align-center\" data-align=\"center\">2 lyres Varytec<br>Hero Spot 90<br>Console DMX<br>C\u00e2blage complet<\/td><td class=\"has-text-align-center\" data-align=\"center\">160\u20ac<\/td><td class=\"has-text-align-center\" data-align=\"center\">800\u20ac<\/td><\/tr><tr><td>Pack 4 lyres<\/td><td class=\"has-text-align-center\" data-align=\"center\">4 lyres Varytec<br>Hero Spot 90<br>Console DMX<br>C\u00e2blage complet<\/td><td class=\"has-text-align-center\" data-align=\"center\">300\u20ac<\/td><td class=\"has-text-align-center\" data-align=\"center\">1200\u20ac<\/td><\/tr><\/tbody><\/table><\/figure>\n\n\n\n<p><strong>Le tarif comprend livraison + montage + d\u00e9montage.<\/strong><\/p>\n\n\n\n<p>Livraison incluse dans un rayon de 50 km. Au del\u00e0, suppl\u00e9ment&nbsp;: <strong>0,70 \u20ac par kilom\u00e8tre suppl\u00e9mentaire<\/strong>.<\/p>\n\n\n\n<figure class=\"wp-block-image size-medium\"><img loading=\"lazy\" decoding=\"async\" width=\"300\" height=\"120\" src=\"https:\/\/meglight.fr\/wp-content\/uploads\/2026\/05\/lyres-professionnelles-Console-DMX-1-300x120.png\" alt=\"\" class=\"wp-image-64\" srcset=\"https:\/\/meglight.fr\/wp-content\/uploads\/2026\/05\/lyres-professionnelles-Console-DMX-1-300x120.png 300w, https:\/\/meglight.fr\/wp-content\/uploads\/2026\/05\/lyres-professionnelles-Console-DMX-1-1024x410.png 1024w, https:\/\/meglight.fr\/wp-content\/uploads\/2026\/05\/lyres-professionnelles-Console-DMX-1-768x307.png 768w, https:\/\/meglight.fr\/wp-content\/uploads\/2026\/05\/lyres-professionnelles-Console-DMX-1-1536x614.png 1536w, https:\/\/meglight.fr\/wp-content\/uploads\/2026\/05\/lyres-professionnelles-Console-DMX-1-2048x819.png 2048w\" sizes=\"auto, (max-width: 300px) 100vw, 300px\" \/><\/figure>\n\n\n\n<br>\n","protected":false},"excerpt":{"rendered":"<p>lyres professionnelles + Console DMX (pr\u00eates \u00e0 l\u2019emploi). Location de lyres motoris\u00e9es professionnelles Varytec Hero Spot 90, id\u00e9ales pour DJ, soir\u00e9es priv\u00e9es,<\/p>\n<p class=\"link-more\"><a class=\"myButt \" href=\"https:\/\/meglight.fr\/?page_id=63\">Read More<\/a><\/p>\n","protected":false},"author":1,"featured_media":0,"parent":0,"menu_order":0,"comment_status":"closed","ping_status":"closed","template":"","meta":{"footnotes":""},"class_list":["post-63","page","type-page","status-publish","hentry"],"_links":{"self":[{"href":"https:\/\/meglight.fr\/index.php?rest_route=\/wp\/v2\/pages\/63","targetHints":{"allow":["GET"]}}],"collection":[{"href":"https:\/\/meglight.fr\/index.php?rest_route=\/wp\/v2\/pages"}],"about":[{"href":"https:\/\/meglight.fr\/index.php?rest_route=\/wp\/v2\/types\/page"}],"author":[{"embeddable":true,"href":"https:\/\/meglight.fr\/index.php?rest_route=\/wp\/v2\/users\/1"}],"replies":[{"embeddable":true,"href":"https:\/\/meglight.fr\/index.php?rest_route=%2Fwp%2Fv2%2Fcomments&post=63"}],"version-history":[{"count":3,"href":"https:\/\/meglight.fr\/index.php?rest_route=\/wp\/v2\/pages\/63\/revisions"}],"predecessor-version":[{"id":68,"href":"https:\/\/meglight.fr\/index.php?rest_route=\/wp\/v2\/pages\/63\/revisions\/68"}],"wp:attachment":[{"href":"https:\/\/meglight.fr\/index.php?rest_route=%2Fwp%2Fv2%2Fmedia&parent=63"}],"curies":[{"name":"wp","href":"https:\/\/api.w.org\/{rel}","templated":true}]}}