{"id":57,"date":"2026-05-15T14:17:54","date_gmt":"2026-05-15T12:17:54","guid":{"rendered":"https:\/\/meglight.fr\/?page_id=57"},"modified":"2026-05-15T14:20:12","modified_gmt":"2026-05-15T12:20:12","slug":"sonorisation","status":"publish","type":"page","link":"https:\/\/meglight.fr\/?page_id=57","title":{"rendered":"Sonorisation"},"content":{"rendered":"\n<p class=\"has-medium-font-size\"><strong>LD System Maui 28 G2<\/strong><\/p>\n\n\n\n<p class=\"is-style-default\">Location de syst\u00e8me de sonorisation colonne professionnel LD System Maui 28 G2, id\u00e9al pour DJ, mariages, soir\u00e9es priv\u00e9es, associations et \u00e9v\u00e8nements. <\/p>\n\n\n\n<p>Syst\u00e8me puissant,compact et simple \u00e0 utiliser (plug &amp; play).<br>Installation rapide, son clair et homog\u00e8ne.<\/p>\n\n\n\n<p class=\"is-style-default\">Possibilit\u00e9 de location sur plusieurs jours avec tarif d\u00e9gressif sur devis.<\/p>\n\n\n\n<figure class=\"wp-block-table\"><table class=\"has-fixed-layout\"><tbody><tr><td><strong>Configuration <\/strong><\/td><td class=\"has-text-align-center\" data-align=\"center\"><strong>Comprend&nbsp; &nbsp;&nbsp;&nbsp;&nbsp;&nbsp;&nbsp;&nbsp;&nbsp;&nbsp; <\/strong><\/td><td class=\"has-text-align-center\" data-align=\"center\"><strong>Tarif Week-end<\/strong><\/td><td class=\"has-text-align-center\" data-align=\"center\"><strong>Caution<\/strong><\/td><\/tr><tr><td>1 syst\u00e8me<\/td><td class=\"has-text-align-center\" data-align=\"center\">1 HP LD System<br>Maui 28 G2<br>C\u00e2ble XLR<br>C\u00e2ble d\u2019alimentation<\/td><td class=\"has-text-align-center\" data-align=\"center\">120\u20ac<\/td><td class=\"has-text-align-center\" data-align=\"center\">750\u20ac<\/td><\/tr><tr><td>2 syst\u00e8mes<\/td><td class=\"has-text-align-center\" data-align=\"center\">1 HP LD System<br>Maui 28 G2<br>C\u00e2ble XLR<br>C\u00e2ble d\u2019alimentation<\/td><td class=\"has-text-align-center\" data-align=\"center\">200\u20ac<\/td><td class=\"has-text-align-center\" data-align=\"center\">1500\u20ac<\/td><\/tr><\/tbody><\/table><\/figure>\n\n\n\n<p><strong>Le tarif comprend livraison + montage + d\u00e9montage.<\/strong><\/p>\n\n\n\n<p>Livraison incluse dans un rayon de 50 km. Au del\u00e0, suppl\u00e9ment&nbsp;: <strong>0,70 \u20ac par kilom\u00e8tre suppl\u00e9mentaire<\/strong>.<\/p>\n\n\n\n<figure class=\"wp-block-image size-medium\"><img loading=\"lazy\" decoding=\"async\" width=\"300\" height=\"267\" src=\"https:\/\/meglight.fr\/wp-content\/uploads\/2026\/05\/LD-System-Maui-28-G2-300x267.png\" alt=\"\" class=\"wp-image-58\" srcset=\"https:\/\/meglight.fr\/wp-content\/uploads\/2026\/05\/LD-System-Maui-28-G2-300x267.png 300w, https:\/\/meglight.fr\/wp-content\/uploads\/2026\/05\/LD-System-Maui-28-G2-1024x911.png 1024w, https:\/\/meglight.fr\/wp-content\/uploads\/2026\/05\/LD-System-Maui-28-G2-768x683.png 768w, https:\/\/meglight.fr\/wp-content\/uploads\/2026\/05\/LD-System-Maui-28-G2-1536x1366.png 1536w, https:\/\/meglight.fr\/wp-content\/uploads\/2026\/05\/LD-System-Maui-28-G2.png 1656w\" sizes=\"auto, (max-width: 300px) 100vw, 300px\" \/><\/figure>\n\n\n\n<br>\n","protected":false},"excerpt":{"rendered":"<p>LD System Maui 28 G2 Location de syst\u00e8me de sonorisation colonne professionnel LD System Maui 28 G2, id\u00e9al pour DJ, mariages, soir\u00e9es<\/p>\n<p class=\"link-more\"><a class=\"myButt \" href=\"https:\/\/meglight.fr\/?page_id=57\">Read More<\/a><\/p>\n","protected":false},"author":1,"featured_media":0,"parent":0,"menu_order":0,"comment_status":"closed","ping_status":"closed","template":"","meta":{"footnotes":""},"class_list":["post-57","page","type-page","status-publish","hentry"],"_links":{"self":[{"href":"https:\/\/meglight.fr\/index.php?rest_route=\/wp\/v2\/pages\/57","targetHints":{"allow":["GET"]}}],"collection":[{"href":"https:\/\/meglight.fr\/index.php?rest_route=\/wp\/v2\/pages"}],"about":[{"href":"https:\/\/meglight.fr\/index.php?rest_route=\/wp\/v2\/types\/page"}],"author":[{"embeddable":true,"href":"https:\/\/meglight.fr\/index.php?rest_route=\/wp\/v2\/users\/1"}],"replies":[{"embeddable":true,"href":"https:\/\/meglight.fr\/index.php?rest_route=%2Fwp%2Fv2%2Fcomments&post=57"}],"version-history":[{"count":3,"href":"https:\/\/meglight.fr\/index.php?rest_route=\/wp\/v2\/pages\/57\/revisions"}],"predecessor-version":[{"id":62,"href":"https:\/\/meglight.fr\/index.php?rest_route=\/wp\/v2\/pages\/57\/revisions\/62"}],"wp:attachment":[{"href":"https:\/\/meglight.fr\/index.php?rest_route=%2Fwp%2Fv2%2Fmedia&parent=57"}],"curies":[{"name":"wp","href":"https:\/\/api.w.org\/{rel}","templated":true}]}}